1).
-1
Let w be 1*((-2)/(-7) + (-38)/(-14)). Let y(s) be the third derivative of -s**4/4 + 2*s**3/3 + 433*s**2. Give y(w).
-14
Let y(n) = 1653*n**2 - 828*n**2 + 9 + n**3 - 3 - 33 - 830*n**2 - 3*n. Give y(6).
-9
Let q(a) = -a**2 + 9*a + 4. Let x(y) = -73*y - 949. Let c be x(-13). Give q(c).
4
Let t(m) = m**3 - 5*m**2 + 4*m + 5. Let u = 148 + -258. Let b = -106 - u. Give t(b).
5
Let o(f) = 4*f**2 + f - 2. Let x be o(1). Let z(a) be the second derivative of -1 + 2*a - 3/2*a**2 - 2/3*a**3. Give z(x).
-15
Let q(t) = -7*t + 1. Let n(c) = 15*c - 2. Let k(h) = 4*n(h) + 7*q(h). Let z be (-1)/(-6) - (-69)/18. Suppose -2*f + 8 = 0, -z*s - 5*f + 6 = -10. Determine k(s).
-12
Let x = 80 + -76. Suppose -x*v = 2*q, 4*v + 6 = -q + 4. Let h(a) = -12 + 5 + 3*a**q + 5. What is h(2)?
10
Let x = -21 + 29. Let c(i) be the first derivative of -i**6/360 + i**5/15 - i**4/6 - 13*i**3 - 38. Let r(u) be the third derivative of c(u). Calculate r(x).
-4
Let q(o) = o**3 + 15*o**2 + 19*o - 7. Suppose -36*u - 3 = 481 + 20. Determine q(u).
-77
Let o(w) = w**3 - 3*w**2 + 10*w - 2. Let u(n) = 2*n**2 - 3*n. Let p(x) = -2*o(x) - 6*u(x). What is p(-4)?
44
Let t = -1206 - -1192. Let l(i) = -i**2 - 12*i - 12. Give l(t).
-40
Let v(t) = t**2 - 7*t - 16. Let m(u) = -302*u + 4539. Let a be m(15). Give v(a).
2
Let x(y) be the first derivative of -y**3/3 - 5*y**2 + 9*y - 8782. Suppose -j - 8 = 3. What is x(j)?
-2
Let d(k) = -k**2 + k + 4. Let l(s) = 8 - 5 - 1 - 1. Let o(h) = d(h) - 3*l(h). Let t be o(-2). Let f(g) = -g**2 - 7*g - 2. What is f(t)?
8
Let j(f) = 8 + f + 0 + 1. Suppose 230*y = -5*o + 231*y, -o + y = 0. What is j(o)?
9
Let k(l) = -l**2 + l. Let n(b) = -13*b**2 + 4*b. Let i be 2/(-11) - 4/(-22) - 5. Let t(s) = i*k(s) + n(s). Let w be 0 - (5 - 0) - -4. Calculate t(w).
-7
Let t(v) = -3*v**2 + 4*v - 5. Let s(l) be the first derivative of -4*l**3/3 + 2*l**2 - 5*l - 8. Let m(i) = -4*s(i) + 5*t(i). Determine m(-4).
-5
Let w be -21 + ((-21)/63 - 88/(-12)). Let p(s) = s**2 - 2*s - 228. Give p(w).
-4
Let r(s) be the second derivative of s**3/3 + 11*s**2/2 + 11*s - 15. Determine r(18).
47
Let k(t) = t**3 - 5*t**2 - 5*t - 5. Suppose 0 = -18*a - 3*a + 3*a. Let o be (-2 + (-4 - a))/(-10 + 9). Determine k(o).
1
Let q be 6*2/(-8)*-6. Suppose 88 = -q*v - 2*v. Let r(i) = -2*i - 19. Let l be r(v). Let k(z) = z - 3. Give k(l).
-6
Let k(x) = x**3 + 17*x**2 - x - 23. Let d(y) = 100*y - 1017. Let v be d(10). What is k(v)?
-6
Let j(s) = -9*s - 104. Suppose -m - 4*r + 28 = 74, 3*r = m - 10. Calculate j(m).
22
Let x(o) = -o**2 + 4*o - 9. Suppose 0 = 2*t - 37 + 27. Suppose -25 = -5*l + 5*d, 8*l - t = 7*l + 3*d. What is x(l)?
-14
Let u(w) = -17*w**3 + 46*w**2 + 28*w - 12. Let z(o) = 5*o**3 - 14*o**2 - 9*o + 4. Let p(g) = -2*u(g) - 7*z(g). Let q be -14*(-8 - -3)/10. Calculate p(q).
-4
Let l be -3*-1*4/3. Let g = 6 - l. Let c(b) = 49*b - 12*b + 13 - 27 + 13 - 16*b - 18*b. Calculate c(g).
5
Suppose 4*l - 331*b + 329*b - 6 = 0, 1 = -3*l - 4*b. Let p(a) = -a + 1. Let k(c) = 4*c - 5. Let r(h) = 2*k(h) + 9*p(h). Give r(l).
-2
Let x(h) = 9*h**2 - 14*h + 31. Let p(y) = -10*y**2 + 14*y - 32. Let k(t) = -8*p(t) - 9*x(t). Give k(7).
26
Let p be ((-273)/156)/(1/(-120)). Let x = p - 206. Let n(i) = i**2 - 3*i + 1. Determine n(x).
5
Let g(k) = 6*k**2 + 2 + 3*k + 5 - 5*k**2. Let o be (36/45)/((-20)/150). Give g(o).
25
Let f(d) = 2*d**2 - 33*d - 31. Suppose 936 = 62*q - 10*q. What is f(q)?
23
Let v(j) = -j**2 - 9*j - 10. Suppose 5*n + 5*d + 60 = 7*d, -n - 4*d = -10. Calculate v(n).
-20
Let u(j) = 32*j - 1. Suppose 154*y + 10 = 159*y + z, 0 = y - z + 4. Determine u(y).
31
Let d(p) = -p**3 + 6*p**2 - 15*p + 57. Let b be d(5). Let z(x) = -1765 + 3*x - b*x + 1779. What is z(6)?
-10
Let o(g) be the third derivative of -g**5/60 - 3*g**4/4 - 13*g**3/2 + 36*g**2 - 3*g. Determine o(-17).
-22
Let m(z) = -1296*z - 116 + 434*z + 435*z + 434*z. Give m(15).
-11
Let a be (-6)/(-8)*(-8 - 252/(-27)). Let p(k) = -7 + k - 11 - a + 21. What is p(7)?
9
Let d(p) be the second derivative of -p**7/2520 - p**6/120 + p**5/60 - 161*p**4/12 + 275*p. Let b(t) be the third derivative of d(t). Determine b(-5).
7
Let g(m) = 6*m**3 - 2*m**2 - m. Suppose -h + 10 = 2*u - u, 3*h + 5*u = 24. Suppose -9*q + h = -22*q. Calculate g(q).
-7
Let l(x) be the first derivative of -7*x**3 + x**2 + x + 4. Let b = -3023 + 3022. Calculate l(b).
-22
Let m(r) = r**3 - 5*r**2 + 6*r - 3. Let y(i) = -10*i + 125. Let w be y(12). Suppose k - n - 16 = -3*k, w*n + 8 = 2*k. What is m(k)?
5
Suppose 3*z - 24 = -2*s - 40, -3*s - 15 = 3*z. Let t(y) = -3*y + 4*y - 3*y - 3. Calculate t(z).
9
Let d(m) = -m**2 + 8*m + 1. Let t be (-6)/(-4)*36/(-189)*-7. Suppose 4 = -t*i, 2*a - i - 10 - 4 = 0. Calculate d(a).
13
Let c(d) = -2 + 7*d**3 - 5*d**3 - 3*d**3 + 2*d - 4*d**2. Suppose 23*w + 355 = 263. Give c(w).
-10
Let c(w) be the third derivative of w**6/120 + 17*w**5/60 - 3*w**4/4 - w**3/2 - 44*w**2. What is c(-18)?
-3
Let x = 1 + 1. Let k(r) be the second derivative of -11*r**3/6 + 2*r**2 - 31989*r. Give k(x).
-18
Let z(q) = q**3 - 2*q**2 - 5*q + 2. Let n be ((-2)/4)/(6 - 29729/4956). Let x = n + 357. Give z(x).
-4
Let s be (-1*(-1)/(-1))/((-5)/(-115)). Let m be s + 20 + (-2)/(-2). Let r be (-902)/110 - m/10. Let g(b) = -2*b - 11. What is g(r)?
5
Let d(t) = t**2 - 2*t. Let h(v) be the first derivative of 3 + 1/3*v**3 - 4*v - v**2. Let l be h(4). What is d(l)?
8
Let v(j) = -92*j - 97. Suppose 109 = 8*t + 117. Determine v(t).
-5
Let n(t) = -24*t - 1. Let d = 12711 - 12712. Determine n(d).
23
Let w(c) be the first derivative of 3*c**2/2 + 42*c + 197. What is w(-15)?
-3
Let k be (8/4)/(-1) - -2. Suppose -3*z - 12 = l, 8 = -5*l + 6*l - z. Let v(q) = -l*q + 4*q + 46 - 2*q - 31. Give v(k).
15
Let r(u) = u**2 - 9*u - 22. Suppose 246*s + 487 - 696 = 2005. What is r(s)?
-22
Let z be 1/(-18 + 1022/56). Let r(i) be the first derivative of -5*i**2/2 + 4*i + 1. Give r(z).
-16
Let g(i) = i - 2. Suppose 27 = 2*n + n. Let t(x) = 4*x - 7. Let r(b) = n*g(b) - 2*t(b). Suppose -5 = -m + 2. Determine r(m).
3
Suppose 371*y - 11 = 375*y + 3*f, -4*f + 20 = y. Let m(c) = 6*c + 27. What is m(y)?
-21
Let d(j) = -2*j**2 + 45*j + 72. Let m(c) = 24*c**2. Let w be m(1). Give d(w).
0
Let z(x) = 0*x**3 + 1624185*x**2 - 8*x - 1624172*x**2 - 33 - x**3. Determine z(12).
15
Let m = -146 - -148. Let v(a) = 438*a**2 - 150*a**2 - a**3 - 12 - 149*a**m - 147*a**2 + 7*a. Calculate v(-9).
6
Suppose -3*l - 5*u = -43, -8*l + u = -5*l - 13. Suppose -5*v - l*t + 12 = -3*t, 0 = -4*v - 3*t + 9. Let r(f) = -f**2 + 3*f - 5. Calculate r(v).
-5
Let z(p) be the second derivative of p**4/12 + 10*p**3/3 - 91*p**2/2 - 602*p. Calculate z(-24).
5
Let u = 44 - 42. Suppose -u*i - 15 = -7*i. Let p(c) = c**i - 3*c + 2 + 0*c - 3*c**3 + 3*c**2 + 3*c**3. Calculate p(-4).
-2
Let l(a) = a**3 + 11*a**2 - a - 13. Let k(p) = -8*p + 107. Let c be k(23). Let o be (24/(-14) - -2) + 869/c. Determine l(o).
-2
Let h(x) = x**2 + 3*x - 17. Suppose 20*a + 19*a - 195 = 0. Give h(a).
23
Let m = 36 - 28. Let g(j) = -j**2 + 7*j + 18. Let x be g(m). Let i(s) = s**3 - 10*s**2 + s - 10. Calculate i(x).
0
Let m(c) = -c**3 - 6*c**2 - 6*c - 5. Let l = 106 + -22. Suppose -12*a + l = -26*a. Determine m(a).
31
Let i(w) be the second derivative of 1 - 1/6*w**3 + 1/2*w**2 + 1/6*w**4 + 42*w. Suppose -f - 4 = 3*n, f = -0*f + 5*n + 12. What is i(f)?
7
Let r(f) = -11 - 351*f**2 + f**3 + 6*f + 15 + 343*f**2. What is r(6)?
-32
Suppose -116 = 3*x - 2*q, -5*q - 109 = 5*x - 2*x. Let i = 72 + x. Let z = i - 44. Let k(l) = -l**2 - 11*l - 4. What is k(z)?
6
Let n(x) = x**2 + x - 1. Let k(d) = 5*d**2 + d - 1. Let h = 89 + -85. Suppose 0 = -5*l - h - 1. Let i(c) = l*k(c) + 6*n(c). What is i(-7)?
9
Let m(h) = -4*h**3 - 30*h**2 - 13*h + 17. Let k(p) = -3*p**2 + 152*p + 533. Let n be k(54). Give m(n).
10
Let y(u) = 7 + u**2 + 3*u - 2 - 1. Suppose 8*t - 18 + 2 = 0. Suppose -9*l + 12*l = -t*z - 12, -l = 3*z + 4. Calculate y(l).
8
Let m(u) = u**3 - u**2 + 2. Suppose -5*c + 3*t + 254 = -0*t, 2 = t. Suppose -3 + c = 7*f. Suppose 0 = 3*i + 12, -o + 3*i + f = -5. What is m(o)?
2
Suppose 96*n - 104*n = 56. Let v(y) be the first derivative of y**2 + 9*y - 1. Let k be v(n). Let d(f) = -2*f - 4. Give d(k).
6
Let d(u) = 129*u - 191. Let g(w) = 24*w - 38. Let j(y) = -3*d(y) + 16*g(y). Give j(-18).
19
Let j(v) = -1